number?
False
Is 25859 composite?
True
Is 8263 prime?
True
Is 19739 a composite number?
False
Is 278701 a composite number?
False
Is 1128559 a composite number?
True
Is 138049 a composite number?
True
Is 919 composite?
False
Is 52963 a composite number?
False
Is 202549 a composite number?
False
Is 113641 prime?
False
Is 37139 composite?
False
Is 244235 prime?
False
Is 539881 composite?
False
Is 853 a prime number?
True
Is 116941 a prime number?
False
Is 61849 composite?
True
Is 19 prime?
True
Is 3205229 a composite number?
True
Is 1459 prime?
True
Is 31055 a prime number?
False
Is 158413 a prime number?
False
Is 47933 a prime number?
True
Is 840253 a composite number?
False
Is 379919 composite?
True
Is 8849 prime?
True
Is 32539 a prime number?
False
Is 8903 a prime number?
False
Is 110615 a composite number?
True
Is 23773 a prime number?
True
Is 76231 a composite number?
False
Is 2939 prime?
True
Is 16322 a prime number?
False
Is 27239 a composite number?
False
Is 613 prime?
True
Is 12793 composite?
True
Is 5858611 prime?
False
Is 31877 composite?
True
Is 1189151 a prime number?
True
Is 80083 prime?
False
Is 15391 composite?
False
Is 3943 composite?
False
Is 10531 prime?
True
Is 3011 a prime number?
True
Is 445691 prime?
True
Is 7411 a composite number?
False
Is 28685 composite?
True
Is 4151 a prime number?
False
Is 25339 a prime number?
True
Is 2153 a composite number?
False
Is 8209 a prime number?
True
Is 64318 prime?
False
Is 57367 a prime number?
True
Is 983713 a prime number?
False
Is 184823 a composite number?
False
Is 3959 prime?
False
Is 16285 prime?
False
Is 60493 prime?
True
Is 2239847 composite?
False
Is 93277 a composite number?
True
Is 40387 prime?
True
Is 1836383 a prime number?
True
Is 57367 prime?
True
Is 2140301 composite?
False
Is 6883 composite?
False
Is 1421135 a composite number?
True
Is 124633 a prime number?
True
Is 10573 a composite number?
True
Is 2029621 a composite number?
True
Is 1399 a prime number?
True
Is 2413 a composite number?
True
Is 133873 prime?
True
Is 10757 prime?
False
Is 56617 composite?
True
Is 10753 prime?
True
Is 7967 a composite number?
True
Is 8473 prime?
False
Is 230998 prime?
False
Is 38195 a prime number?
False
Is 90587 a prime number?
False
Is 235921 a composite number?
True
Is 449677 prime?
True
Is 4573 a composite number?
True
Is 934343 prime?
True
Is 297359 composite?
False
Is 409 a composite number?
False
Is 96477 a prime number?
False
Is 3761 a composite number?
False
Is 104161 prime?
True
Is 260133 composite?
True
Is 481711 composite?
True
Is 4051 composite?
False
Is 4442 composite?
True
Is 328169 a prime number?
False
Is 370259 a prime number?
False
Is 24755 composite?
True
Is 74947 a composite number?
True
Is 49189 a prime number?
False
Is 1637 a prime number?
True
Is 464306 a composite number?
True
Is 4331 a prime number?
False
Is 11027 a composite number?
False
Is 71653 composite?
True
Is 33923 composite?
False
Is 167491 a prime number?
True
Is 6469 prime?
True
Is 472421 a composite number?
False
Is 56687 a prime number?
True
Is 755593 a composite number?
False
Is 1402649 prime?
False
Is 1543315 a composite number?
True
Is 4903 composite?
False
Is 101477 prime?
True
Is 12899 a composite number?
False
Is 49431 a prime number?
False
Is 11983 a composite number?
True
Is 158609 composite?
True
Is 39891 prime?
False
Is 37043 prime?
False
Is 25013 a composite number?
False
Is 64793 prime?
True
Is 1597 a composite number?
False
Is 22187 composite?
True
Is 1465 a prime number?
False
Is 78041 a composite number?
False
Is 6865 a composite number?
True
Is 72019 a prime number?
True
Is 222107 composite?
False
Is 93273 a prime number?
False
Is 25689 composite?
True
Is 33262 a composite number?
True
Is 165073 a composite number?
True
Is 3680363 a prime number?
True
Is 103231 composite?
False
Is 130773 a prime number?
False
Is 825301 composite?
False
Is 33521 a prime number?
True
Is 265381 a prime number?
True
Is 26029 a composite number?
False
Is 1790857 a composite number?
False
Is 11185 prime?
False
Is 913 prime?
False
Is 125507 composite?
False
Is 2356037 composite?
True
Is 150979 a composite number?
False
Is 46 prime?
False
Is 1889 a prime number?
True
Is 16301 prime?
True
Is 214939 a composite number?
False
Is 55153 a composite number?
True
Is 314077 composite?
False
Is 17369 a prime number?
False
Is 1561 composite?
True
Is 5247107 prime?
True
Is 442889 composite?
True
Is 149239 composite?
False
Is 851 a prime number?
False
Is 436507 composite?
False
Is 56213 composite?
True
Is 86809 prime?
False
Is 2691785 a composite number?
True
Is 1319 prime?
True
Is 21211 a prime number?
True
Is 141311 a prime number?
True
Is 39581 a composite number?
False
Is 151769 a prime number?
True
Is 125157 prime?
False
Is 241421 composite?
False
Is 5903 prime?
True
Is 141437 composite?
True
Is 1054621 composite?
False
Is 2041 a prime number?
False
Is 26993 composite?
False
Is 2515 composite?
True
Is 5297 composite?
False
Is 17707 prime?
True
Is 311839 composite?
True
Is 8263 a composite number?
False
Is 454873 a composite number?
True
Is 9587 composite?
False
Is 917 a composite number?
True
Is 18641 a prime number?
False
Is 839 composite?
False
Is 18781 composite?
True
Is 257073 prime?
False
Is 36605 prime?
False
Is 225737 a prime number?
False
Is 4741 composite?
True
Is 114671 composite?
False
Is 1179031 prime?
False
Is 62147 a composite number?
True
Is 32869 prime?
True
Is 1652027 a prime number?
False
Is 15253 prime?
False
Is 104893 prime?
False
Is 5293 composite?
True
Is 17555 a prime number?
False
Is 297409 a prime number?
False
Is 1115 prime?
False
Is 181627 composite?
True
Is 8657 a composite number?
True
Is 2045 prime?
False
Is 86249 prime?
True
Is 5141 a composite number?
True
Is 2935 a prime number?
False
Is 4177 a composite number?
False
Is 19913 a composite number?
False
Is 914 prime?
False
Is 104071 prime?
False
Is 841769 composite?
True
Is 129083 a composite number?
False
Is 411 composite?
True
Is 590873 composite?
True
Is 733201 prime?
False
Is 47347 a composite number?
True
Is 35143 prime?
False
Is 4511 composite?
True
Is 2600843 composite?
True
Is 18251 a composite number?
False
Is 4201 composite?
False
Is 9077 composite?
True
Is 16081 a composite number?
True
Is 173861 a composite number?
False
Is 515173 a composite number?
False
Is 1543 composite?
False
Is 207061 a composite number?
False
Is 47189 a prime number?
True
Is 797273 prime?
True
Is 1403043 composite?
True
Is 166271 a composite number?
True
Is 3433 a composite number?
False
Is 33403 composite?
False
Is 4267 prime?
False
Is 252683 composite?
True
Is 15157 prime?
False
Is 68533 composite?
True
Is 38523 a prime number?
False
Is 16411 a composite number?
False
Is 1249 a composite number?
False
Is 2928749 composite?
False
Is 42203 composite?
True
Is 15161 a prime number?
True
Is 51853 a composite number?
False
Is 2099 prime?
True
Is 112503 prime?
False
Is 14969 a prime number?
True
Is 37343 composite?
True
Is 235 prime?
False
Is 28559 a prime number?
True
Is 691 a prime number?
True
Is 62177 composite?
True
Is 1481 prime?
True
Is 62507 a prime number?
True
Is 31567 a composite number?
False
Is 59834 prime?
False
Is 135287 composite?
True
Is 429773 a prime number?
True
Is 73193 prime?
False
Is 66769 a prime number?
False
Is 584173 a composite number?
True
Is 188873 a composite number?
True
Is 1501 a prime number?
False
Is 2965 a prime number?
False
Is 183783 a prime number?
False
Is 9127 composite?
False
Is 2760321 composite?
True
Is 64483 prime?
True
Is 3691 a composite number?
False
Is 1283 composite?
False
Is 18254 prime?
False
Is 14453 a composite number?
True
Is 63317 a prime number?
True
Is 1070327 a composite number?
True
Is 332303 a prime number?
True
Is 38167 prime?
True
Is 6941 a prime number?
False
Is 230501 prime?
True
Is 184993 prime?
True
Is 250489 a composite number?
False
Is 3907 a composite number?
False
Is 10223 a prime number?
True
Is 152461 prime?
True
Is 376037 a prime number?
False
Is 42943 composite?
False
Is 5569 a prime number?
True
Is 4283 prime?
True
Is 56299 prime?
True
Is 118873 prime?
True
Is 450493 prime?
True
Is 44159 a prime number?
True
Is 49481 composite?
False
Is 2879 prime?
True
Is 368579 prime?
True